106*l + 14. Determine a(1).
10
Let b(g) = 12*g + 82. What is b(-9)?
-26
Let p(s) = -s**3 + 11*s**2 + 214*s - 74. Calculate p(21).
10
Let z(d) = d**3 - 131*d**2 + 871*d - 405. Give z(124).
-33
Let t(y) = -21*y - 915. What is t(-44)?
9
Let s(b) = -53*b + 2930. What is s(52)?
174
Let n(l) = -554*l - 42106. Give n(-76).
-2
Let d(i) = -2*i**3 + 34*i**2 - 68*i + 11. Determine d(2).
-5
Let u(z) = 33*z**2 - 1128*z - 33. Determine u(34).
-237
Let v(w) = -4*w**2 - 71*w + 532. What is v(6)?
-38
Let f(d) = -26*d**2 - 3*d + 6. Determine f(0).
6
Let s(j) = 5*j**3 + 317*j**2 + 435*j + 58. What is s(-62)?
-4
Let y(u) = 25*u**2 - 697*u - 72. Calculate y(28).
12
Let s(n) = 69*n + 187. What is s(-4)?
-89
Let s(r) = -r**3 - 2*r**2 + 287*r + 11. Give s(16).
-5
Let n(f) = 102*f + 11. Determine n(-1).
-91
Let z(j) = j**3 - 2*j**2 - 11*j + 25. Determine z(2).
3
Let m(u) = -174*u - 1040. Determine m(-6).
4
Let m(s) = -56*s**2 + 223*s + 1804. Give m(8).
4
Let c(d) = 247*d - 241. What is c(1)?
6
Let o(f) = 3*f**3 - 10*f**2 - 56*f - 43. What is o(-5)?
-388
Let o(s) = s**3 - 8*s**2 - 8*s + 58. Determine o(5).
-57
Let j(l) = -l**3 + 33*l**2 + 80*l - 349. Give j(35).
1
Let f(t) = -1084*t + 4343. Give f(4).
7
Let u(r) = 2*r**2 - 129*r - 492. Give u(68).
-16
Let a(x) = -x**2 - 155*x + 29147. Determine a(110).
-3
Let s(g) = 27*g + 459. What is s(-15)?
54
Let d(g) = 15*g**3 + 10*g**2 + g + 3. What is d(-1)?
-3
Let w(x) = -x**3 + 2*x**2 - 28. What is w(-3)?
17
Let m(q) = 81*q + 66. Calculate m(-1).
-15
Let p(d) = 97*d + 407. Give p(-6).
-175
Let l(c) = 1740*c + 15641. What is l(-9)?
-19
Let k(p) = 16*p**3 + 69*p**2 - p - 13. Give k(-4).
71
Let q(w) = -w**2 + 16*w + 6518. Give q(-73).
21
Let s(q) = 7*q**3 + 648*q**2 - 276*q + 74. Determine s(-93).
-205
Let h(j) = 367*j - 1486. What is h(4)?
-18
Let u(f) = 62*f + 274. Determine u(-8).
-222
Let l(i) = 4*i**2 - 37*i - 171. Give l(-5).
114
Let r(l) = -2*l**3 + l**2 - 37*l - 17. What is r(0)?
-17
Let u(z) = 7*z**3 - 6*z**2 + 9*z - 4. Determine u(2).
46
Let r(j) = -3*j**3 + 27*j**2 - 16*j - 69. What is r(8)?
-5
Let c(o) = -o**2 - 4*o + 205. What is c(-17)?
-16
Let j(i) = -i**3 - 19*i**2 - 23*i - 88. What is j(-18)?
2
Let f(j) = j**3 - 34*j**2 + 5*j - 75. What is f(34)?
95
Let m(f) = -f**3 + 56*f**2 - 7*f + 375. Calculate m(56).
-17
Let x(y) = -12*y**2 - 77*y - 28. Determine x(-6).
2
Let q(j) = j**3 - 53*j**2 - 162*j - 238. Give q(56).
98
Let h(i) = -i**2 + 59*i - 489. Determine h(49).
1
Let z(g) = g**3 - 53*g**2 - 52*g + 2. Give z(-1).
0
Let t(z) = z**3 + 9*z**2 - 2*z - 11. Determine t(-9).
7
Let n(c) = -28*c - 19. Give n(3).
-103
Let t(v) = v**3 - 4*v**2 - 9*v - 20. Determine t(8).
164
Let s(h) = -h**2 + 26*h - 89. Determine s(22).
-1
Let l(z) = 11*z**2 - 239*z + 238. What is l(1)?
10
Let s(l) = -1132*l - 5708. Calculate s(-5).
-48
Let t(m) = m**2 - 40*m - 55. Give t(42).
29
Let m(u) = u**2 - 8*u + 58. What is m(14)?
142
Let i(g) = -173*g + 4510. Give i(26).
12
Let t(o) = -o**2 + 21*o - 37. Calculate t(22).
-59
Let o(n) = n**3 - 18*n**2 + 41*n - 449. Calculate o(19).
691
Let o(q) = 14*q - 171. Calculate o(29).
235
Let m(z) = z**3 + 64*z**2 - 823*z + 135. Calculate m(-75).
-15
Let x(a) = -29*a**2 - 193*a - 250. Calculate x(-5).
-10
Let u(c) = -2*c**2 - 120*c - 814. Give u(-7).
-72
Let u(v) = 117*v + 11. What is u(-1)?
-106
Let p(o) = -40*o - 248. What is p(-8)?
72
Let h(w) = -32*w**2 + 20*w + 55. Give h(-4).
-537
Let n(s) = -4*s**3 - 46*s**2 - 14*s - 3. Give n(-11).
-91
Let t(q) = 4*q**2 - 27*q - 8. Determine t(7).
-1
Let x(t) = -t**3 - 61*t**2 + 190*t - 124. Determine x(-64).
4
Let x(l) = -161*l - 255. Give x(-2).
67
Let c(w) = -6*w**2 - 37*w - 117. Calculate c(-3).
-60
Let o(h) = 51*h**3 - 253*h**2 + 4*h - 14. What is o(5)?
56
Let c(q) = -2*q**2 + 34*q - 145. Determine c(8).
-1
Let w(t) = t**2 - 45*t + 99. Determine w(41).
-65
Let z(t) = t**3 - 31*t**2 - 64*t - 31. Determine z(33).
35
Let v(p) = p**3 - 15*p**2 - 707*p + 246. Calculate v(35).
1
Let t(s) = -s**2 + 33*s + 7. Give t(0).
7
Let l(d) = -182*d - 12948. Give l(-71).
-26
Let g(n) = 16*n**2 - 847*n - 32. What is g(53)?
21
Let i(u) = 87*u + 1446. Give i(-17).
-33
Let a(q) = q**2 + 24*q - 25. Determine a(-25).
0
Let c(n) = n**3 + 38*n**2 + 104*n - 522. Calculate c(-6).
6
Let c(z) = -8*z**3 + 55*z**2 + 71*z + 14. What is c(8)?
6
Let n(d) = 27*d - 157. Calculate n(4).
-49
Let u(f) = -27*f**2 + 10*f - 2. Give u(2).
-90
Let j(d) = d**3 - 7*d**2 - 15*d - 8. What is j(7)?
-113
Let h(q) = 6*q**2 + 15*q + 5. Determine h(-2).
-1
Let a(y) = -49*y + 7350. Give a(150).
0
Let s(j) = -14*j**2 - 106*j - 106. Calculate s(-1).
-14
Let q(j) = 4*j**2 + 1105*j - 3327. What is q(3)?
24
Let b(i) = -13*i**2 - 731*i - 162. Calculate b(-56).
6
Let u(i) = 55*i**2 + 6047*i - 287. What is u(-110)?
43
Let t(s) = 21*s**2 + 19*s - 90. Give t(4).
322
Let b(g) = 2*g**3 - 256*g**2 - 255*g - 397. Calculate b(129).
-10
Let w(a) = -16*a**2 - 53*a - 21. What is w(-3)?
-6
Let p(b) = b**2 - 24*b - 712. Determine p(-17).
-15
Let w(p) = 6*p**3 + 2*p**2 + 143*p - 144. Give w(1).
7
Let d(g) = 231*g + 1128. Determine d(-4).
204
Let b(l) = -45*l + 69. What is b(2)?
-21
Let r(d) = 3*d**3 - 50*d**2 - 19*d + 47. Give r(17).
13
Let y(n) = 30*n**2 + 13*n. Calculate y(1).
43
Let v(x) = 6*x**2 + 104*x + 46. Calculate v(-17).
12
Let m(w) = 366*w - 27. Calculate m(0).
-27
Let d(p) = -73*p + 1734. Determine d(23).
55
Let y(g) = -g**3 + 7*g**2 + 11*g - 6. What is y(6)?
96
Let r(m) = -373*m + 445. Give r(0).
445
Let x(n) = -61*n - 3098. Give x(-49).
-109
Let m(h) = -h**3 - 10*h**2 + 22*h - 23. Determine m(-12).
1
Let j(x) = -964*x + 6734. Calculate j(7).
-14
Let a(l) = l**3 + 13*l**2 + 18*l + 3. What is a(-11)?
47
Let q(v) = 939*v - 937. What is q(1)?
2
Let l(x) = -x**3 - 14*x**2 - 55*x - 88. Give l(-9).
2
Let b(t) = t**3 - 20*t**2 - 19*t + 27. Give b(21).
69
Let p(h) = -2*h**3 + 13*h**2 - 8*h + 15. Determine p(6).
3
Let z(j) = -40*j - 1730. Give z(-48).
190
Let d(u) = -u**2 - 181*u - 1050. Give d(-6).
0
Let x(t) = -t**3 + 5*t**2 - 37*t + 262. Calculate x(6).
4
Let s(u) = -u**3 + 28*u**2 + 1489*u + 109. Determine s(-27).
1
Let m(x) = -24*x**2 - 2884*x - 480. Give m(-120).
0
Let n(p) = p**3 - 8*p**2 - 14*p + 39. Give n(11).
248
Let v(l) = 2*l**3 - 3*l**2 - 10*l + 5. Determine v(5).
130
Let b(t) = -20*t**2 - t - 40. Calculate b(0).
-40
Let y(k) = 456*k + 405. What is y(-1)?
-51
Let t(k) = -2*k**3 + 41*k**2 + 257*k - 2. Determine t(-5).
-12
Let n(g) = -2498*g - 39968. Determine n(-16).
0
Let s(a) = 611*a + 555. What is s(-1)?
-56
Let y(o) = 16*o**3 - 385*o**2 + 31*o - 164. Calculate y(24).
4
Let n(d) = d**3 - 14*d**2 - 22*d + 246. Calculate n(14).
-62
Let b(j) = 8*j - 44. Give b(22).
132
Let g(n) = 37*n - 203. Determine g(7).
56
Let h(o) = o**3 + 247*o**2 - 515*o - 4239. What is h(-249)?
-6
Let w(g) = g**3 - 17*g**2 - 85*g + 25. What is w(21)?
4
Let q(n) = -2*n**2 + 46*n - 1. What is q(22)?
43
Let v(l) = -15*l + 149. Give v(12).
-31
Let b(x) = 2223*x + 15560. Give b(-7).
-1
Let g(r) = -143*r**2 - 2*r + 3. Give g(1).
-142
Let r(w) = w**2 + 115*w - 862. Calculate r(7).
-8
Let p(f) = 326*f + 3564. Give p(-11).
-22
Let m(q) = 5*q**2 - 348*q + 155. What is m(69)?
-52
Let h(i) = i**2 + 3. Determine h(-6).
39
Let s(y) = -29*y - 1316. Calculate s(-46).
18
Let a(r) = -6*r**2 + 22*r + 26. Determine a(5).
-14
Let w(n) = 5960*n + 29778. Determine w(-5).
-22
Let j(q) = -33*q - 138. Calculate j(-4).
-6
Let r(n) = -453*n + 1010. Calculate r(2).
104
Let k(c) = -c**3 - 3*c**2 + 27*c - 11. Determine k(-7).
-4
Let c(k) = -k**2 - 8*k + 90. Calculate c(-16).
-38
Let l(h) = -h**3 + 13*h**2 - 35*h - 9. What is l(7)?
40
Let u(p) = 480*p - 1446. What is u(3)?
-6
Let b(p) = 18*p + 694. What is b(-40)?
-26
Let n(z) = z**3 + 12*z**2 - 127*z - 1488. What is n(-10)?
-18
Let t(x) = 374*x - 2990. Determine t(8).
2
Let h(j) = 2*j + 77. What is h(-12)?
53
Let z(y) = 23*y - 780. Give z(28).
-136
Let l(w) = -w**2 - 72*w - 1172. Determine l(-22).
-72
Let q(g) = 220*g + 1593. Calculate q(-7).
53
Let a(h) = h**2 - 6*h + 17. Determine a(0).
17
Let m(z) = -z**2 + 27*z + 53. Give m(28).
25
Let f(u) = 2*u**3 - 13*u**2 + 40*u - 332. What is f(7)?
-3
Let f(c) = 496*c - 7450. Determine f(15).
-10
Let d(a) = 2*a + 410. What is d(-27)?
356
Let y(l) = l**3 - 10*l**2 - 29*l + 70. Wha